) = -7*j**3 + 5*j**2 + 8*j - 8. Let v(h) = 3*c(h) - 8*d(h). Let q be (0 + 1)/(-8 - -7). Determine v(q).
4
Let r(v) = -6*v - 19. Let c be r(-3). Let f(d) = d**2 + d + 1. Determine f(c).
1
Let l = 49 - 24. Suppose 0 = 5*t + 25, -t + l + 15 = -5*w. Let b(u) = -7*u. Let q(k) = -15*k - 1. Let m(a) = w*b(a) + 4*q(a). Calculate m(3).
5
Let i(g) = 3*g + 1. Suppose 2*k - 1 + 3 = 0. Give i(k).
-2
Let o be (-2)/(-2)*(6 - 4). Let v(p) = p**3 - p**2 - 2*p + 2. Give v(o).
2
Suppose -4*p + 40 = p. Let r = p - 14. Let l(j) = -j - 13. What is l(r)?
-7
Let r(n) = n**3 + n**2 + n - 1. Let w(p) = -7*p**3 - 8*p**2 - 8*p + 7. Let u(j) = -6*r(j) - w(j). Give u(-2).
-5
Let z(o) = -8*o. Let l(u) = u**3 + 6*u**2 - 1. Let a be l(-6). Let j be 20 - 0 - (-3)/a. Suppose -4*h + j = -x, -5*x + 21 - 6 = 5*h. Give z(x).
8
Suppose 0 = 5*y - 3*s + 4 - 20, -2 = y + 2*s. Let f(z) = z - z**2 - z**2 + z + y + z**2. Give f(-2).
-6
Let f(k) be the second derivative of -k**3/6 + 3*k**2/2 + 22*k. Calculate f(4).
-1
Let a(y) = y + 3. Suppose -5*k + 0*w - 10 = 5*w, w = 0. What is a(k)?
1
Let y(h) = -5*h**2 + 6*h. Let c(f) = -6*f**2 + 6*f. Let v(w) = 6*c(w) - 7*y(w). Suppose 3*g - 4*z = -7, -5*z + 11 = 5*g + 46. What is v(g)?
5
Let j = 1 - 3. Let m be (-5)/j*(0 - -2). Let q(g) = -13 + 36 - 11 - g - 14. Calculate q(m).
-7
Let z(t) be the second derivative of 5*t**3/6 + t**2 + 7*t + 5. Give z(2).
12
Let s(p) = -p**3 - 2*p**2 - p - 16. Let d(l) = -4*l**3 - 7*l**2 - 3*l - 47. Let v(x) = -2*d(x) + 7*s(x). Calculate v(0).
-18
Let w(i) = -5*i**3 - 8*i**2 + 10*i - 1. Let t(v) = 14*v**3 + 23*v**2 - 29*v + 4. Let o(k) = 4*t(k) + 11*w(k). Give o(-5).
10
Let w(i) = -i**2 - 6*i + 7. Suppose -3*a + 4*g = -14, 5*g = -2*a + g - 4. Suppose 20 = -a*o - 2*o. Calculate w(o).
12
Let u be 4/(-16)*4/1. Let p(f) = f**3 - 2*f**2 - f. What is p(u)?
-2
Suppose 60 = 10*g + 10. Let n(a) = a - 3*a**2 + 1 - 2*a**2 + 2 + a**3. Determine n(g).
8
Let v(o) = -4*o + 6. Let m(l) = l - 1. Let w(k) = k - 3. Let j be w(9). Let s(u) = j*m(u) + 2*v(u). Calculate s(5).
-4
Let i(k) = -2*k**3 - 4*k**2 - 3*k - 2. Suppose -5*v = -4*o + 51, -10 - 11 = -4*o - 5*v. Suppose 2*f - 5 = -o. Give i(f).
4
Let q(k) = k**2 - 5*k. Suppose p = 47 - 19. Suppose 0 = -4*x + 8, 6*y - p = y - 4*x. Give q(y).
-4
Let p = 13 - 20. Let k(g) = -g - 2. Calculate k(p).
5
Let z(l) be the third derivative of -l**5/60 + l**4/6 + l**3/2 - l**2 - 5*l. Calculate z(5).
-2
Let t(f) = 5*f**2 + 7*f - 12. Let u(a) = 6*a**2 + 7*a - 13. Let r(y) = -7*t(y) + 6*u(y). Determine r(4).
-6
Let v = 23 - 28. Let q(m) = -2*m. What is q(v)?
10
Let k(s) be the first derivative of -1 + 11*s + 1/2*s**2. Suppose 3*m = 4*m - 3*t - 10, -2*t + 10 = -4*m. Determine k(m).
6
Suppose 0 = -0*o - o + 1. Let x(j) be the first derivative of 1/2*j**2 - j + o. Give x(3).
2
Let j = -7 - -13. Suppose 5*b = 2*p + 3*b - 16, -2*p - 3*b = -j. Let w(s) = s**3 - 5*s**2 - 6*s - 2. Calculate w(p).
-2
Let o be (6/5)/(-3)*-5. Suppose -3*j + 3 = -3. Let h(u) = -2*u + j - 2 + u. Calculate h(o).
-2
Let h(g) = -5 + 1 - g**2 + 0. Suppose 5*v = 2*x + 12 + 7, 0 = 5*v + 5*x - 5. Determine h(v).
-13
Suppose -5*o + 33 - 8 = c, 4*o + 4 = 4*c. Let i(w) = -2*w - o - w + w**2 + 3*w. Calculate i(0).
-4
Let x(i) = 3 + i + 3*i**2 - 5 + 1. Let l = 2 + 1. Let u be (-4)/(-5) - l/(-15). What is x(u)?
3
Let c(i) be the second derivative of -5/6*i**3 - 5*i + 0 - 2*i**2. Give c(-3).
11
Let h(c) = 5*c - 5. Let z(r) = 11*r - 11. Let k(u) = -9*h(u) + 4*z(u). Let g be 13/6 + 1/(-6). Suppose 5*n + 4 = g*v, -5*v + 2*n - 5*n = -10. Give k(v).
-1
Let h = -61 + 93. Suppose 3*g - 7*g - 4*t = h, 5*g = 5*t. Let w(b) be the second derivative of -b**5/20 - 5*b**4/12 - 5*b**3/6 - 3*b**2 + b. Calculate w(g).
-2
Let k(b) = 5*b**2 + 2*b + 1. Let y(v) = -v**2 + v + 1. Let d(r) = -k(r) + 3*y(r). Determine d(2).
-28
Suppose 6*w = 2*w + 4. Let r be (-30)/(-8) - w/(-4). Let u(h) = h**2 - 5*h - 1. Determine u(r).
-5
Let z(w) = -2*w**3 - 2*w**2 + 2*w - 2. Let y = -49 - -51. Calculate z(y).
-22
Let z(x) = -5*x**3 - x**2 + 1. Suppose -2*l = 19 + 1. Let a be l/(-15) + 1/3. What is z(a)?
-5
Suppose 110 = -x + 109. Let g(m) = 9*m - 1. Determine g(x).
-10
Let p(j) = -j**3 + 15*j**2 - 10*j**2 - 4 - j**2. What is p(4)?
-4
Let m(s) be the second derivative of s**5/120 + 7*s**4/24 - 7*s**3/6 + s. Let t(w) be the second derivative of m(w). What is t(-4)?
3
Let x(p) = -p**3 - 4*p**2 - 5*p - 4. Let f be -1*(-8)/(-3 + 1). Give x(f).
16
Let a(g) be the first derivative of 4 - 4*g**2 + 6*g - 5/3*g**3 + 1/4*g**4. Give a(6).
-6
Let y(z) = z**3 + 6*z**2 + 5*z + 1. Let x(m) = -2*m**2 - 3*m - 2. Let r be x(-2). Calculate y(r).
13
Let v(l) = 6 + l - 2*l - 16. Give v(-12).
2
Let u be (-2)/(-3) + (-26)/39. Let l = 2 + -1. Let r(w) = l + 2*w + w - 4*w. Determine r(u).
1
Let r(h) = -10*h. Let p = -27 - -28. What is r(p)?
-10
Let p(l) = l**2 - 8*l - 7. Let a be 1/(2/17) + (-10)/20. Calculate p(a).
-7
Let o(z) = z**2 - 6*z + 1. Let w be o(5). Let f(p) = p + 1 - 2*p**3 - 3*p**2 + 4*p + p**3. Calculate f(w).
-3
Let i(t) = t**2 - t + 1. Let w = 73 + -70. Give i(w).
7
Let l(y) = -y**2 + 5. Let r be l(0). Let b be (2 - 5) + 8 + 0. Let m(p) = -p**2 + 6*p. Let a(f) = 2*f**2 - 12*f - 1. Let d(w) = b*m(w) + 2*a(w). Calculate d(r).
3
Let h be (1/2)/((-1)/2). Let m be h + 0 + 3/(-3). Let l(p) = 3*p + 3. Determine l(m).
-3
Let a(u) = -8*u**2 + 2*u + 3. Let r(o) = -8*o**2 + o + 2. Let i(t) = -3*a(t) + 4*r(t). Suppose 2*k + 1 + 3 = 0. Let d be -1*(1 - (k - -2)). Give i(d).
-7
Let s(v) = -4*v - 14*v - 1 + 19*v. Give s(0).
-1
Let l(m) be the first derivative of -2*m**3/3 + 2*m**2 - 5*m - 4. Let a(j) be the first derivative of l(j). Calculate a(3).
-8
Let g(a) = a - 4. Let h(o) = o**3 + 5*o**2 + o + 10. Let q be h(-5). Determine g(q).
1
Let y be ((-3 + -6)*-2)/2. Suppose o + 2*o + y = 0. Let z(i) = -i - 1. Give z(o).
2
Let d = 3 - 2. Let b(g) = 5*g**3 + 30*g - 30. Let q(j) = -j + 1. Let t(l) = -b(l) - 30*q(l). Calculate t(d).
-5
Let h(v) = -21*v**2 + 11*v + 8. Let p(i) = 14*i**2 - 7*i - 5. Let r(k) = 5*h(k) + 8*p(k). Calculate r(1).
6
Let h(p) = 6*p**2 + 0*p + 4*p - 3*p + 0*p. Determine h(-1).
5
Let i(k) = k + 3 + 0*k + 7*k**2 + 6*k**2 + k**3 + 11*k. Let l be i(-12). Let n(r) = -r + 3. Determine n(l).
0
Let m(x) = 7*x**3 - 4*x**2 + 2*x + 3. Let g be (-114)/(-18) - (-2)/3. Let j(o) = -8*o**3 + 4*o**2 - 2*o - 4. Let p(w) = g*m(w) + 6*j(w). What is p(4)?
5
Let b(i) = 13*i + 7*i - 18*i - i**3 + 5 + 3*i**2. Calculate b(4).
-3
Let w(p) = -7*p - 2. Suppose 0 = -3*g + 17 + 1. Let a(x) = 3*x + 1. Let d(j) = g*w(j) + 13*a(j). Suppose b + 11 = -5*t, 0*t + 4*b = -4*t - 12. Calculate d(t).
7
Let p(f) = -f**3 - 5*f**2 + 5*f + 1. Let z = -37 + 31. Calculate p(z).
7
Let o(f) = -2*f**2 - 3*f + 1. Let a(c) = 6*c**3 + c**2 - 1. Let u be a(-1). Let h(t) = 3 + 2*t + 3 + 3 + 0. Let d be h(u). What is o(d)?
-8
Let c(r) = -36*r + r**2 - 4*r**2 + 4 + 2*r**2 + 31*r. Calculate c(-5).
4
Let d(l) be the first derivative of -l**4/4 - 4*l**3/3 + 2*l**2 + l - 23. What is d(-5)?
6
Let z(d) = d**2 - 1. Let f be (16 - 3/3)*1. Suppose -3*m + 0*m + f = 0. Suppose -i - 3*i = m*j - 19, 2*i - 8 = -2*j. What is z(i)?
0
Suppose 0*k - 25 = 5*k. Let b(c) = c**2 + 7*c + 6. Determine b(k).
-4
Let p(o) = -5*o - 6. Let h(j) = 8*j + 9. Let d(s) = -5*h(s) - 7*p(s). Let z(c) = 2*c - 2. Let l be z(-3). Let m be (2/4)/(2/l). Determine d(m).
7
Suppose 13*a - 11*a = -12. Let z(p) = p + 7. Let o be z(-5). Let d(s) = 2*s**2 - o + 1 - 3*s**2 - 5*s. Give d(a).
-7
Let z be -2*2/(12/(-21)). Let a(h) = -h + 3. Give a(z).
-4
Let u(t) = -t - 1. Let b(w) = -8*w - 1. Let d(r) = -b(r) + 6*u(r). What is d(6)?
7
Let f(c) be the third derivative of c**5/40 + c**4/24 + c**3/3 - c**2. Let g(i) be the first derivative of f(i). Calculate g(-1).
-2
Let z(m) = -m**2 - 7*m - 4. Suppose -5*q + h + 178 = 0, -q - 117 = -4*q + 4*h. Suppose -q = 4*v + v. Give z(v).
-4
Let y(p) = 4*p + 2. Let x(v) = 17*v - 2. Let f be x(1). Suppose 6 = -2*c - 4*o, 5*c + o = 2*o - f. Determine y(c).
-10
Let i(z) = -2*z + 1. Let y(x) = -2*x + 2. Let g(a) = -2*i(a) + 3*y(a). Determine g(3).
-2
Let m(v) = 4*v - 6. Let x(s) = s**2 - 4*s + 4. Let g be x(4). What is m(g)?
10
Suppose 0 = -5*u + 2*t + 26, u - 2 = 2*u - 4*t. Let k(d) = -d**2 + 5*d - 2. Determine k(u).
-8
Let g(s) = 8 + 4 + 2*s - 8 + 5. Wha